{"id":319,"date":"2021-07-30T15:41:21","date_gmt":"2021-07-30T20:41:21","guid":{"rendered":"https:\/\/timothyrecords.org\/web\/?page_id=319"},"modified":"2021-07-30T17:46:45","modified_gmt":"2021-07-30T22:46:45","slug":"faq","status":"publish","type":"page","link":"https:\/\/timothyrecords.org\/web\/faq\/","title":{"rendered":"FAQ"},"content":{"rendered":"<p>[et_pb_section fb_built=&#8221;1&#8243; next_background_color=&#8221;#ffffff&#8221; admin_label=&#8221;Hero Section&#8221; _builder_version=&#8221;4.9.10&#8243; use_background_color_gradient=&#8221;on&#8221; background_color_gradient_start=&#8221;rgba(0,0,0,0.4)&#8221; background_color_gradient_end=&#8221;rgba(0,0,0,0.4)&#8221; background_color_gradient_overlays_image=&#8221;on&#8221; background_image=&#8221;http:\/\/timothyrecords.org\/web\/wp-content\/uploads\/2021\/07\/TIMOTHY-RECORDS-COMPANY.jpg&#8221; background_position=&#8221;center_right&#8221; custom_padding=&#8221;6%||6%|&#8221; bottom_divider_style=&#8221;slant&#8221; bottom_divider_height=&#8221;60px&#8221; background_color_gradient_direction__hover=&#8221;180deg&#8221; background_color_gradient_direction__hover_enabled=&#8221;180deg&#8221; background_color_gradient_start_position__hover=&#8221;0%&#8221; background_color_gradient_start_position__hover_enabled=&#8221;0%&#8221; background_color_gradient_end_position__hover=&#8221;100%&#8221; background_color_gradient_end_position__hover_enabled=&#8221;100%&#8221;][et_pb_row admin_label=&#8221;Page Title Area&#8221; _builder_version=&#8221;3.25&#8243;][et_pb_column type=&#8221;4_4&#8243; _builder_version=&#8221;3.25&#8243; custom_padding=&#8221;|||&#8221; custom_padding__hover=&#8221;|||&#8221;][et_pb_text admin_label=&#8221;Hero Section Title&#8221; _builder_version=&#8221;4.9.10&#8243; text_font=&#8221;Montserrat||||||||&#8221; text_font_size=&#8221;18px&#8221; text_line_height=&#8221;1.8em&#8221; header_font=&#8221;Montserrat|600||on|||||&#8221; header_font_size=&#8221;48px&#8221; header_letter_spacing=&#8221;3px&#8221; header_line_height=&#8221;1.3em&#8221; header_2_font=&#8221;Montserrat|700|||||||&#8221; header_2_text_color=&#8221;rgba(255,255,255,0.6)&#8221; header_2_font_size=&#8221;90px&#8221; header_2_letter_spacing=&#8221;3px&#8221; header_2_line_height=&#8221;1.1em&#8221; text_orientation=&#8221;center&#8221; background_layout=&#8221;dark&#8221; max_width=&#8221;700px&#8221; module_alignment=&#8221;center&#8221; custom_margin=&#8221;|||&#8221; animation_style=&#8221;fade&#8221; animation_direction=&#8221;bottom&#8221; header_font_size_tablet=&#8221;&#8221; header_font_size_phone=&#8221;28px&#8221; header_font_size_last_edited=&#8221;on|phone&#8221; header_2_font_size_tablet=&#8221;&#8221; header_2_font_size_phone=&#8221;50px&#8221; header_2_font_size_last_edited=&#8221;on|phone&#8221;]<\/p>\n<h1>Poder E Innovaci\u00f3n<\/h1>\n<p>[\/et_pb_text][\/et_pb_column][\/et_pb_row][\/et_pb_section][et_pb_section fb_built=&#8221;1&#8243; admin_label=&#8221;FAQ Section&#8221; _builder_version=&#8221;4.9.10&#8243; custom_padding=&#8221;30px||30px||false|false&#8221;][et_pb_row column_structure=&#8221;1_2,1_2&#8243; admin_label=&#8221;FAQ&#8221; _builder_version=&#8221;3.25&#8243; max_width=&#8221;900px&#8221; use_custom_width=&#8221;on&#8221; custom_width_px=&#8221;900px&#8221;][et_pb_column type=&#8221;1_2&#8243; _builder_version=&#8221;3.25&#8243; custom_padding=&#8221;|||&#8221; custom_padding__hover=&#8221;|||&#8221;][et_pb_accordion open_toggle_background_color=&#8221;rgba(0,0,0,0.03)&#8221; closed_toggle_background_color=&#8221;rgba(0,0,0,0)&#8221; icon_color=&#8221;#f46624&#8243; _builder_version=&#8221;4.9.10&#8243; toggle_text_color=&#8221;#333333&#8243; toggle_font=&#8221;Montserrat||||||||&#8221; toggle_line_height=&#8221;1.5em&#8221; body_font=&#8221;||||||||&#8221; body_font_size=&#8221;16px&#8221; body_line_height=&#8221;1.8em&#8221; border_style_all=&#8221;none&#8221;][et_pb_accordion_item title=&#8221;\u00bfQu\u00e9 es TRCompany?&#8221; open=&#8221;on&#8221; _builder_version=&#8221;4.9.10&#8243;]<\/p>\n<p align=\"justify\" style=\"text-align: justify;\">TRCompany es una compa\u00f1\u00eda de pr\u00f3xima generaci\u00f3n enfocada en brindar soluciones a los emprendedores, peque\u00f1os, medianos, grandes empresarios y artistas en la era moderna. Ayudamos de todas las formas y tama\u00f1os a hacer crecer sus negocios desde sus inicios hasta la notoriedad internacional a trav\u00e9s de nuestra tecnolog\u00eda innovadora, herramientas de marketing en constante evoluci\u00f3n y un equipo de m\u00e1s de 100 expertos profesionales, en Colombia, M\u00e9xico, Brasil, Usa, Espa\u00f1a, Jamaica, Argentina , trabajamos con todas las principales plataformas del mercado, como Google , Facebook, Instagram, Spotify, Apple, Deezer, YouTube, Pandora, Tidal, Napster, Amazon, TikTok, VK Music, Boom, Anghami y muchas m\u00e1s. Monitoreamos el desempe\u00f1o de cada cliente de TRCompany diariamente y ofrecemos herramientas y estrategias que tienen sentido para cada momento de sus negocios. Desde herramientas de marketing y an\u00e1lisis de rendimiento para que crezcan y alcancen el siguiente nivel, hasta planes estrat\u00e9gicos y campa\u00f1as a medida establecidos que necesitan aprovechar a\u00fan m\u00e1s su carrera y emprendimiento.<\/p>\n<p>[\/et_pb_accordion_item][et_pb_accordion_item title=&#8221;PARA EMPRENDEDORES&#8221; _builder_version=&#8221;4.9.10&#8243; open=&#8221;off&#8221;]<\/p>\n<p align=\"justify\">TRCompany se reserva el derecho de confidencialidad, informaci\u00f3n y contenido de los nuevos socios al programa de NEGOCIOS DIGITALES. Ense\u00f1\u00e1ndolos a ganar ingresos generados por las estrategias, plataformas y gesti\u00f3n de su aprendizaje. Por eso siempre estamos innovando, entendiendo y compartiendo con nuestros socios las mejores pr\u00e1cticas para obtener los mejores resultados, creando convenios con compa\u00f1\u00edas de la nueva era digital y estrategias de difusi\u00f3n alineadas con cada nuevo momento de nuestro mercado tan din\u00e1mico.<\/p>\n<p align=\"justify\">Para nosotros es fundamental que nuestros clientes tengan la mejor exposici\u00f3n e ingresos posibles.<\/p>\n<p>[\/et_pb_accordion_item][et_pb_accordion_item title=&#8221;ESTRATEGIA DE ALTO RENDIMIENTO&#8221; _builder_version=&#8221;4.9.10&#8243; open=&#8221;off&#8221;]<\/p>\n<p align=\"justify\">Esta estrategia consiste en el comercio discrecional activo que se centra en (pero no limitado a) los principales pares de divisas. La estrategia ha tenido \u00e9xito en el pasado tambi\u00e9n a\u00f1adiendo algunos pares ex\u00f3ticos a la cartera y continuar\u00e1 haciendo esto cuando surjan las oportunidades, manteniendo el riesgo \/ recompensa de la estrategia general alrededor del 20%. La estrategia tiene la intenci\u00f3n de capturar a trav\u00e9s de la negociaci\u00f3n a corto plazo y por lo tanto los beneficios durante la alta volatilidad en los mercados. La estrategia se centra en el an\u00e1lisis fundamental de los pares de divisas del G7 y sigue un proceso de inversi\u00f3n sistem\u00e1tico que ajusta sus posiciones en torno a los n\u00fameros econ\u00f3micos. Esta estrategia puede tener peque\u00f1os tiempos de celebraci\u00f3n de varios d\u00edas y varias semanas de operaciones ganadoras y perdedoras. La estrategia captura a trav\u00e9s de la celebraci\u00f3n de peque\u00f1as posiciones de n\u00facleo para un movimiento prolongado en lugar de utilizar posiciones altamente apalancadas durante cortos per\u00edodos de tiempo. El objetivo es del 20% y debe considerarse un riesgo moderado.<\/p>\n<p align=\"justify\">El equipo comercial detr\u00e1s de esta estrategia est\u00e1 encabezado por un comerciante que estudi\u00f3 en la escuela de negocios de los Estados Unidos superior despu\u00e9s desarroll\u00f3 una pasi\u00f3n por el comercio en 2003 y ha estado negociando para grandes empresas desde entonces. En los \u00faltimos a\u00f1os ha desarrollado un modelo de trading de valoraci\u00f3n fundamental y basado en el riesgo y ha estado operando y utilizando este modelo desde 2013. El enfoque est\u00e1 en identificar oportunidades de inversi\u00f3n que brinden valor a largo plazo. Tiene experiencia en mercados de capitales, warrants, acciones, opciones y operaciones de futuros, lo que proporciona una buena comprensi\u00f3n integral de los mercados.<\/p>\n<p align=\"justify\">El equipo directivo detr\u00e1s de esta estrategia cuenta con m\u00e1s de 5 d\u00e9cadas de experiencia dentro del sector de servicios financieros con enfoque y especialidad en soluciones tecnol\u00f3gicas. Con un enfoque en la tecnolog\u00eda, la integraci\u00f3n y la gesti\u00f3n de riesgos, el equipo puede trabajar para garantizar que los clientes tengan una tecnolog\u00eda confiable y un socio comercial tanto ahora como en el futuro.<\/p>\n<p>[\/et_pb_accordion_item][\/et_pb_accordion][\/et_pb_column][et_pb_column type=&#8221;1_2&#8243; _builder_version=&#8221;3.25&#8243; custom_padding=&#8221;|||&#8221; custom_padding__hover=&#8221;|||&#8221;][et_pb_text _builder_version=&#8221;4.9.10&#8243; _module_preset=&#8221;default&#8221;]<\/p>\n<p align=\"justify\"><b>PARA LOS ARTISTAS<\/b><\/p>\n<p>[\/et_pb_text][et_pb_accordion open_toggle_background_color=&#8221;rgba(0,0,0,0.03)&#8221; closed_toggle_background_color=&#8221;rgba(0,0,0,0)&#8221; icon_color=&#8221;#f46624&#8243; _builder_version=&#8221;4.9.10&#8243; toggle_text_color=&#8221;#333333&#8243; toggle_font=&#8221;Montserrat||||||||&#8221; toggle_line_height=&#8221;1.5em&#8221; body_font=&#8221;||||||||&#8221; body_font_size=&#8221;16px&#8221; body_line_height=&#8221;1.8em&#8221; border_style_all=&#8221;none&#8221;][et_pb_accordion_item title=&#8221;\u00bfTengo que pagar algo para formar parte de TRCompany?&#8221; open=&#8221;on&#8221; _builder_version=&#8221;4.9.10&#8243;]<\/p>\n<p align=\"justify\">TRCompany no le cobra por registrarse y distribuir su contenido. Solo obtenemos un porcentaje de los ingresos generados por las reproducciones, vistas y descargas de su contenido. Por eso siempre estamos innovando, entendiendo y compartiendo con nuestros socios las mejores pr\u00e1cticas para obtener los mejores resultados, creando herramientas y estrategias de difusi\u00f3n alineadas con cada nuevo momento de nuestro mercado tan din\u00e1mico.<\/p>\n<p align=\"justify\">Para nosotros es fundamental que su contenido tenga la mejor exposici\u00f3n e ingresos posibles.<\/p>\n<p>[\/et_pb_accordion_item][et_pb_accordion_item title=&#8221;\u00bfCu\u00e1nto me pagar\u00e1n?&#8221; _builder_version=&#8221;4.9.10&#8243; open=&#8221;off&#8221;]<\/p>\n<p align=\"justify\">TRCompany pagar\u00e1 el 85% por las tiendas de descargas, el 70% por YouTube y el 50% por los videos (excluyendo YouTube)<\/p>\n<p>[\/et_pb_accordion_item][et_pb_accordion_item title=&#8221;\u00bfCu\u00e1ndo y c\u00f3mo me pagar\u00e1n?&#8221; _builder_version=&#8221;4.9.10&#8243; open=&#8221;off&#8221;]<\/p>\n<p align=\"justify\">Siempre que una plataforma nos paga, el saldo ya est\u00e1 disponible para que los artistas \/ sellos soliciten el canje. La mayor\u00eda de las plataformas pagan mensualmente despu\u00e9s de 30 a 60 d\u00edas desde el final del mes en el que se realizaron las reproducciones \/ descargas \/ vistas.<\/p>\n<p align=\"justify\">Distribuye su contenido usando TRCompany incluso antes de abrir una cuenta de PayPal o Payoneer, pero para recibir sus pagos deber\u00e1 abrir una cuenta en uno de estos dos servicios de pago.<\/p>\n<p>[\/et_pb_accordion_item][et_pb_accordion_item title=&#8221;\u00bfQu\u00e9 tipo de contenido puedo distribuir?&#8221; _builder_version=&#8221;4.9.10&#8243; open=&#8221;off&#8221;]<\/p>\n<p align=\"justify\">En TRCompany puedes distribuir libremente \u00e1lbumes, EP, singles y videos.<\/p>\n<p>[\/et_pb_accordion_item][et_pb_accordion_item title=&#8221;\u00bfQu\u00e9 herramientas y oportunidades de marketing ofrece TRCompany?&#8221; _builder_version=&#8221;4.9.10&#8243; open=&#8221;off&#8221;]<\/p>\n<p align=\"justify\">Ofrecemos varias herramientas gratuitas para que promocione su contenido y mejore su lanzamiento.<\/p>\n<ul>\n<li>\n<p align=\"justify\">Pre-guardados para Apple, Spotify y Deezer<\/p>\n<\/li>\n<li>\n<p align=\"justify\">Enlaces inteligentes con enlaces a varios servicios<\/p>\n<\/li>\n<li>\n<p align=\"justify\">Base de datos de fans que han estado de acuerdo en compartir correos electr\u00f3nicos contigo.<\/p>\n<\/li>\n<li>\n<p align=\"justify\">Creaci\u00f3n automatizada de arte gr\u00e1fico para su difusi\u00f3n<\/p>\n<\/li>\n<li>\n<p align=\"justify\">Descargas gratuitas a cambio de correos electr\u00f3nicos<\/p>\n<\/li>\n<li>\n<p align=\"justify\">Listas de reproducci\u00f3n seleccionadas<\/p>\n<\/li>\n<li>\n<p align=\"justify\">Administrador de tareas para publicar campa\u00f1as (pr\u00f3ximamente)<\/p>\n<\/li>\n<\/ul>\n<p align=\"justify\">Como no cobramos por la distribuci\u00f3n, siempre estamos creando alternativas para que nuestros artistas lleguen a la mayor audiencia posible y, por lo tanto, a los mayores ingresos. \u00a1Nuestro negocio no cobra a los artistas ni a los sellos, pero gana junto con ellos!<\/p>\n<p>[\/et_pb_accordion_item][et_pb_accordion_item title=&#8221;\u00bfC\u00f3mo puedo controlar el rendimiento de mi contenido?&#8221; _builder_version=&#8221;4.9.10&#8243; open=&#8221;off&#8221;]<\/p>\n<p align=\"justify\">Tenemos un conjunto sofisticado de herramientas de an\u00e1lisis disponibles de forma gratuita.<\/p>\n<p align=\"justify\"><b>Estad\u00edsticas diarias:<\/b> realice un seguimiento diario de sus jugadas en las principales plataformas. Utilice varios filtros para refinar su an\u00e1lisis.<\/p>\n<p align=\"justify\"><b>An\u00e1lisis mensual:<\/b> organice sus datos financieros en varios tipos de gr\u00e1ficos con diferentes filtros.<\/p>\n<p align=\"justify\"><b>Rastreador de listas de reproducci\u00f3n:<\/b> sepa de qu\u00e9 listas de reproducci\u00f3n provienen sus reproducciones<\/p>\n<p align=\"justify\"><b>Rastreador de identificaci\u00f3n de contenido de YouTube:<\/b> descubra qu\u00e9 videos usaron su m\u00fasica y cu\u00e1ntas reproducciones genera cada uno.<\/p>\n<p align=\"justify\">Es muy importante comprender qu\u00e9 est\u00e1 sucediendo con su contenido y lanzamientos para que comprenda las acciones que brindan la mayor cantidad de resultados y pueda aprender de los errores y aciertos.<\/p>\n<p>[\/et_pb_accordion_item][et_pb_accordion_item title=&#8221;\u00bfPuedo recibir tambi\u00e9n derechos de publicaci\u00f3n?&#8221; _builder_version=&#8221;4.9.10&#8243; open=&#8221;off&#8221;]<\/p>\n<p align=\"justify\">Si. Contamos con herramientas para editores y autores para que puedan recibir diferentes derechos de autor de diferentes pa\u00edses y plataformas alrededor del mundo. En muchos casos, recibiremos derechos directamente de las plataformas, en otros casos, registraremos su m\u00fasica en sociedades de derechos de autor en todo el mundo para que pueda aumentar la cantidad que recibe directamente de su sociedad de derechos de autor.<\/p>\n<p>[\/et_pb_accordion_item][et_pb_accordion_item title=&#8221;\u00bfOlvid\u00e9 mi contrase\u00f1a? \u00bfQu\u00e9 tengo que hacer?&#8221; _builder_version=&#8221;4.9.10&#8243; open=&#8221;off&#8221;]<\/p>\n<p align=\"justify\">Acceda a \u00ab\u00a0<a href=\"https:\/\/timothyrecords.org\/web\/password-reset\/\">Recuperar contrase\u00f1a<\/a>\u00a0\u00ab<\/p>\n<p>[\/et_pb_accordion_item][\/et_pb_accordion][\/et_pb_column][\/et_pb_row][\/et_pb_section]<\/p>\n","protected":false},"excerpt":{"rendered":"<p>Poder E Innovaci\u00f3nTRCompany es una compa\u00f1\u00eda de pr\u00f3xima generaci\u00f3n enfocada en brindar soluciones a los emprendedores, peque\u00f1os, medianos, grandes empresarios y artistas en la era moderna. Ayudamos de todas las formas y tama\u00f1os a hacer crecer sus negocios desde sus inicios hasta la notoriedad internacional a trav\u00e9s de nuestra tecnolog\u00eda innovadora, herramientas de marketing en [&hellip;]<\/p>\n","protected":false},"author":1,"featured_media":0,"parent":0,"menu_order":0,"comment_status":"closed","ping_status":"closed","template":"","meta":{"_et_pb_use_builder":"on","_et_pb_old_content":"","_et_gb_content_width":"","footnotes":""},"class_list":["post-319","page","type-page","status-publish","hentry"],"_links":{"self":[{"href":"https:\/\/timothyrecords.org\/web\/wp-json\/wp\/v2\/pages\/319","targetHints":{"allow":["GET"]}}],"collection":[{"href":"https:\/\/timothyrecords.org\/web\/wp-json\/wp\/v2\/pages"}],"about":[{"href":"https:\/\/timothyrecords.org\/web\/wp-json\/wp\/v2\/types\/page"}],"author":[{"embeddable":true,"href":"https:\/\/timothyrecords.org\/web\/wp-json\/wp\/v2\/users\/1"}],"replies":[{"embeddable":true,"href":"https:\/\/timothyrecords.org\/web\/wp-json\/wp\/v2\/comments?post=319"}],"version-history":[{"count":3,"href":"https:\/\/timothyrecords.org\/web\/wp-json\/wp\/v2\/pages\/319\/revisions"}],"predecessor-version":[{"id":362,"href":"https:\/\/timothyrecords.org\/web\/wp-json\/wp\/v2\/pages\/319\/revisions\/362"}],"wp:attachment":[{"href":"https:\/\/timothyrecords.org\/web\/wp-json\/wp\/v2\/media?parent=319"}],"curies":[{"name":"wp","href":"https:\/\/api.w.org\/{rel}","templated":true}]}}